924?
2, 3, 6828827
What are the prime factors of 5850572684?
2, 11, 1669, 79669
What are the prime factors of 2186203023?
3, 19, 223, 57331
List the prime factors of 1082741102.
2, 1093, 495307
List the prime factors of 2398115077.
19, 37, 3411259
What are the prime factors of 92967682?
2, 5503, 8447
What are the prime factors of 742825657?
7, 106117951
List the prime factors of 351370816.
2, 23, 238703
What are the prime factors of 1201655605?
5, 8753, 27457
What are the prime factors of 1752870514?
2, 151, 5804207
What are the prime factors of 18852245?
5, 3770449
List the prime factors of 23633600.
2, 5, 14771
What are the prime factors of 52268570?
2, 5, 5226857
What are the prime factors of 369961254?
2, 3, 13, 31, 51001
List the prime factors of 1015134929.
28393, 35753
What are the prime factors of 6084476627?
6084476627
What are the prime factors of 215587355?
5, 47, 131, 149
List the prime factors of 1282359167.
103, 109, 114221
List the prime factors of 1563775157.
7, 461, 599, 809
What are the prime factors of 23995847?
29, 827443
What are the prime factors of 642538148?
2, 7, 397, 57803
List the prime factors of 124282301.
11, 13, 877, 991
What are the prime factors of 478878354?
2, 3, 23, 1156711
What are the prime factors of 36131855?
5, 7226371
What are the prime factors of 185552056?
2, 223, 104009
What are the prime factors of 1011823106?
2, 7, 53, 661, 2063
What are the prime factors of 59933073?
3, 73, 211, 1297
What are the prime factors of 190793591?
190793591
What are the prime factors of 52252505?
5, 2963, 3527
What are the prime factors of 499698676?
2, 124924669
List the prime factors of 114331582.
2, 43, 1329437
List the prime factors of 34844847.
3, 61, 190409
What are the prime factors of 2683367456?
2, 7, 11, 1089029
What are the prime factors of 449588630?
2, 5, 17, 9151
What are the prime factors of 761668563?
3, 253889521
What are the prime factors of 52764642?
2, 3, 7, 139589
List the prime factors of 696920023.
696920023
What are the prime factors of 168337435?
5, 7, 19, 163, 1553
What are the prime factors of 58692056?
2, 29, 252983
What are the prime factors of 2798158193?
4793, 583801
List the prime factors of 5563813361.
101, 55087261
List the prime factors of 1896762786.
2, 3, 283, 1117057
What are the prime factors of 69022678?
2, 23, 31, 97, 499
List the prime factors of 248837350.
2, 5, 4976747
What are the prime factors of 54196010?
2, 5, 11, 131, 3761
List the prime factors of 630368131.
263, 317, 7561
What are the prime factors of 33007013?
13, 17, 233, 641
List the prime factors of 411261929.
13, 83, 563, 677
List the prime factors of 186391730.
2, 5, 7, 761, 3499
What are the prime factors of 30001310?
2, 5, 3000131
List the prime factors of 374713154.
2, 187356577
What are the prime factors of 30623212?
2, 19, 23, 17519
What are the prime factors of 192821900?
2, 5, 1928219
List the prime factors of 670873140.
2, 3, 5, 7, 532439
List the prime factors of 443207857.
443207857
List the prime factors of 88290548.
2, 41, 538357
List the prime factors of 176069635.
5, 7, 67, 75083
What are the prime factors of 149527799?
29, 887, 5813
What are the prime factors of 24954242?
2, 109, 113, 1013
What are the prime factors of 103136954?
2, 127, 463, 877
List the prime factors of 35586210.
2, 3, 5, 11, 107837
List the prime factors of 78238637.
19, 31, 132833
What are the prime factors of 37403137?
5869, 6373
List the prime factors of 5558515039.
7, 11, 1201, 60107
What are the prime factors of 22548311?
22548311
List the prime factors of 4509321.
3, 47, 31981
What are the prime factors of 58705137?
3, 79, 82567
What are the prime factors of 63610263?
3, 241, 29327
What are the prime factors of 2366505276?
2, 3, 197208773
What are the prime factors of 166212698?
2, 389, 213641
List the prime factors of 133956891.
3, 14884099
What are the prime factors of 97816156?
2, 24454039
List the prime factors of 179990637.
3, 59996879
What are the prime factors of 46180449?
3, 7, 17, 1597
What are the prime factors of 228401382?
2, 3, 11, 131, 26417
List the prime factors of 30719571.
3, 1621, 6317
List the prime factors of 2140624150.
2, 5, 7, 173, 35353
List the prime factors of 4693722215.
5, 7, 13, 547, 18859
What are the prime factors of 4689719?
4689719
List the prime factors of 1701106064.
2, 7, 15188447
What are the prime factors of 318865610?
2, 5, 7, 41, 111103
List the prime factors of 712307616.
2, 3, 17, 436463
List the prime factors of 2846738249.
97, 29347817
List the prime factors of 814396636.
2, 47, 89, 48673
What are the prime factors of 47375312?
2, 2960957
What are the prime factors of 19628614?
2, 23, 426709
List the prime factors of 60865763.
7, 17, 511477
List the prime factors of 2639759.
2639759
What are the prime factors of 286681883?
37, 61, 71, 1789
What are the prime factors of 52154663?
11, 4741333
What are the prime factors of 168137898?
2, 3, 113, 247991
What are the prime factors of 121632625?
5, 23, 42307
What are the prime factors of 205816588?
2, 19, 101, 26813
List the prime factors of 412271401.
43, 9587707
List the prime factors of 63736443.
3, 2360609
What are the prime factors of 84324987?
3, 41, 228523
List the prime factors of 1006980396.
2, 3, 73, 1149521
List the prime factors of 44495721.
3, 149, 33181
What are the prime factors of 3069696658?
2, 7, 19, 461, 25033
What are the prime factors of 89971252?
2, 7, 459037
List the prime factors of 69957461.
7, 9993923
List the prime factors of 185654892.
2, 3, 17, 881, 1033
List the prime factors of 42540032.
2, 41543
List the prime factors of 141023573.
101, 1396273
List the prime factors of 244714765.
5, 48942953
What are the prime factors of 1588898807?
19, 37, 2260169
List the prime factors of 35740024.
2, 31, 211, 683
List the prime factors of 1613509428.
2, 3, 134459119
List the prime factors of 273630057.
3, 23, 3965653
What are the prime factors of 46421981?
23, 1303, 1549
What are the prime factors of 140500338?
2, 3, 11, 71, 29983
List the prime factors of 283892586.
2, 3, 47315431
List the prime factors of 154499265.
3, 5, 1144439
What are the prime factors of 37232241?
3, 12410747
What are the prime factors of 2300040746?
2, 61, 18852793
List the prime factors of 17362594.
2, 293, 29629
What are the prime factors of 199610889?
3, 17, 67, 58417
List the prime factors of 49399884.
2, 3, 37, 37087
List the prime factors of 504949073.
19, 29, 53, 17291
What are the prime factors of 670306974?
2, 3, 17, 1543, 4259
What are the prime factors of 245649589?
47, 5226587
What are the prime factors of 3264544211?
3264544211
List the prime factors of 35680830.
2, 3, 5, 1189361
What are the prime factors of 9297504999?
3, 97, 109, 32569
What are the prime factors of 145372143?
3, 7, 6922483
List the prime factors of 10124102.
2, 67, 75553
List the prime factors of 5906193630.
2, 3, 5, 263, 748567
What are the prime factors of 688390238?
2, 344195119
List the prime factors of 52336206.
2, 3, 13, 24851
List the prime factors of 120243358.
2, 31, 1939409
What are the prime factors of 259682680?
2, 5, 6492067
List the prime factors of 115493714.
2, 7, 8249551
List the prime factors of 14646071.
11, 191, 6971
What are the prime factors of 2645871626?
2, 269, 467, 10531
What are the prime factors of 325179126?
2, 3, 1847, 9781
What are the prime factors of 1350390792?
2, 3, 73, 770771
What are the prime factors of 748887300?
2, 3, 5, 7, 29, 4099
What are the prime factors of 53437755?
3, 5, 7, 508931
List the prime factors of 2885365301.
7, 13, 31707311
What are the prime factors of 21960372?
2, 3, 7, 261433
List the prime factors of 1661122113.
3, 7, 167, 473659
What are the prime factors of 131564098?
2, 7151, 9199
List the prime factors of 11834655.
3, 5, 7, 269, 419
List the prime factors of 18896346.
2, 3, 7, 149971
List the prime factors of 132619455.
3, 5, 2947099
What are the prime factors of 63563462?
2, 821, 38711
What are the prime factors of 37338767?
547, 68261
What are the prime factors of 64032874?
2, 23, 863, 1613
List the prime factors of 668643202.
2, 79, 4231919
List the prime factors of 241466119.
47, 397, 12941
What are the prime factors of 885979634?
2, 2777, 159521
What are the prime factors of 569319669?
3